NOAA-Style Climate Reports


Report for 2018 June
                  MONTHLY CLIMATOLOGICAL SUMMARY FOR 6/2018
                                        HEAT  COOL        
     MEAN                               DEG   DEG       WIND SPEED       DOM MEAN  MEAN
DAY  TEMP  HIGH   TIME     LOW   TIME   DAYS  DAYS RAIN AVG  HI  TIME    DIR BAROM HUM
---------------------------------------------------------------------------------------
1    88.2 100.4   5:12pm  77.0   6:43am    0   23  0.00   2  15   7:00pm   S 29.76   62
2    90.6 104.3   5:28pm  79.0   6:37am    0   26  0.00   2  15  11:41pm SSW 29.76   62
3    84.1  94.0   5:20pm  75.7   6:55am    0   19  0.00   2  16   1:40am   N 29.97   55
4    76.3  85.9   6:00pm  68.5   9:46am    0   11  0.30   0   9   6:19pm SSE 29.93   73
5    82.7  96.3   5:50pm  71.1   6:58am    0   18  0.00   1  12   7:08pm  SE 29.79   71
6    86.1  97.2   5:37pm  75.6   6:31am    0   21  0.65   2  20   1:17am SSE 29.75   70
7    82.9  94.2   3:15pm  75.5   7:03pm    0   18  0.01   2  23   5:17pm SSE 29.85   70
8    84.5  98.0   5:01pm  72.8   2:33am    0   20  0.00   2  13  11:30am   S 29.93   62
9    87.0  98.3   4:35pm  77.3   6:49am    0   22  0.00   2  14   3:17pm   S 29.92   57
10   86.9 100.0   5:13pm  75.5   6:38am    0   22  0.00   2  14   9:43am   S 29.78   62
11   87.3  96.9   5:56pm  79.1   7:29am    0   22  0.00   3  16   9:20am   S 29.71   62
12   87.0  97.4   6:43pm  78.0   6:39am    0   22  0.00   2  15   8:41am   S 29.82   63
13   88.7 101.1   6:08pm  79.0   6:45am    0   24  0.00   1  12   7:52am SSW 29.89   58
14   89.2 100.3   5:01pm  78.6   6:47am    0   24  0.00   3  16   2:49pm   S 29.87   52
15   87.9  97.1   4:05pm  77.7   6:42am    0   23  0.00   2  16  12:46pm   S 29.82   57
16   87.7  97.6   4:33pm  78.0   6:51am    0   23  0.00   3  17   4:49pm   S 29.81   60
17   86.3  96.8   5:26pm  77.4   6:38am    0   21  0.00   2  15  11:34pm SSE 29.86   64
18   84.1  93.9   5:20pm  77.3   6:18am    0   19  0.00   2  17   8:02pm SSE 29.89   70
19   80.3  87.1   5:34pm  73.5   6:38am    0   15  0.03   1  14  12:00am SSE 29.87   76
20   83.0  96.3   3:33pm  74.7  11:40pm    0   18  0.06   1  13  12:00am SSE 29.80   73
21   85.8 101.3   5:38pm  73.2   6:36am    0   21  0.00   0   8   1:23pm SSE 29.81   67
22   89.4 103.2   4:31pm  80.2   6:27am    0   24  0.00   1  19  11:18pm   S 29.72   62
23   85.6  96.7   4:44pm  75.3   6:39am    0   21  0.00   2  19   3:02am SSE 29.71   65
24   88.7  99.6   4:58pm  80.7   5:27am    0   24  0.00   4  21   2:15am   S 29.73   61
25   86.4  97.3   5:06pm  71.8   7:18am    0   21  0.07   3  21   4:25am   S 29.86   64
26   88.9 100.3   5:23pm  78.5   6:28am    0   24  0.00   3  19   9:48am   S 29.88   62
27   91.2 104.1   5:03pm  79.6   6:41am    0   26  0.00   2  14   7:56am   S 29.85   56
28   90.7 103.0   4:37pm  79.7   6:49am    0   26  0.00   3  17   9:16pm   S 29.84   55
29   89.6 100.8   4:08pm  79.1   6:46am    0   25  0.00   3  20  10:22am   S 29.83   58
30   88.6 100.6   5:20pm  78.2   6:30am    0   22  0.00   4  18   5:41pm   S 29.81   61
---------------------------------------------------------------------------------------
TOT  86.5 104.3   6/2/18  68.5   6/4/18    0  644  1.12   2  23   6/7/18   S 29.83   63

HEAT BASE: 65.0
COOL BASE: 65.0