NOAA-Style Climate Reports


Report for 2009 December
                  MONTHLY CLIMATOLOGICAL SUMMARY FOR 12/2009
                                        HEAT  COOL        
     MEAN                               DEG   DEG       WIND SPEED       DOM MEAN  MEAN
DAY  TEMP  HIGH   TIME     LOW   TIME   DAYS  DAYS RAIN AVG  HI  TIME    DIR BAROM HUM
---------------------------------------------------------------------------------------
1    43.5  48.3  12:33pm  40.5   3:59am   22    0  0.70   1  13  10:42pm   N 29.90   69
2    40.3  45.8   1:00pm  32.9   7:38am   25    0  0.61   3  24   1:55pm  NW 29.84   80
3    37.0  43.2   1:32pm  31.8   7:32am   28    0  0.00   3  19  11:33am   N 30.29   52
4    33.1  39.6   2:47pm  26.1  10:27pm   32    0  0.00   1  12  12:46pm   N 30.41   49
5    35.7  47.4   2:08pm  24.7   6:40am   29    0  0.00   4  18   3:44pm SSE 30.21   55
6    41.4  44.6   4:19pm  36.5   2:59am   24    0  0.01   3  18  10:26am  SE 30.04   78
7    40.0  45.2   1:31am  36.8   7:24pm   25    0  0.05   2  14   3:31pm   N 30.16   91
8    43.3  50.1   4:32pm  37.0  12:03am   22    0  0.04   2  14  11:59pm   S 29.73   91
9    30.2  46.7  12:00am  23.0   7:43am   35    0  0.00   3  20  12:22am  NW 30.12   51
10   30.7  42.3   2:30pm  21.0   7:27am   34    0  0.00   1   8   4:39am   N 30.34   48
11   41.2  47.7   1:36pm  32.4   1:36am   24    0  0.00   1  11   6:50am  SE 30.30   50
12   45.6  49.4   3:46pm  41.9   8:45am   19    0  0.00   1  10   7:59pm  SE 30.09   73
13   52.4  64.5   2:29pm  47.6   2:15am   13    0  0.00   3  12  12:48am   S 29.96   82
14   53.4  69.1   2:24pm  34.9  11:54pm   12    0  0.01   4  17   3:47pm   N 29.97   67
15   34.1  42.1   2:36pm  27.3   7:28am   31    0  0.00   4  19   9:14am   N 30.46   60
16   36.7  48.3   2:45pm  26.6   5:39am   28    0  0.00   1   8   6:14am   N 30.51   61
17   44.6  55.4   2:23pm  36.9   1:23am   20    0  0.00   0   8  10:38am   E 30.20   57
18   44.3  58.3   3:21pm  32.9   7:56am   21    0  0.00   1  13   2:55pm  NW 30.06   60
19   42.0  50.4   2:26pm  31.6  11:57pm   23    0  0.00   2  13   1:05pm  NW 30.22   63
20   43.3  61.5   2:34pm  27.8   4:21am   22    0  0.00   2  12  12:20pm   S 30.26   63
21   53.1  66.6   1:47pm  40.9   6:58am   12    0  0.00   4  20   3:40pm   S 30.07   58
22   59.0  65.0   3:32pm  51.9   2:58am    6    0  0.00   5  19   2:02pm SSE 29.80   80
23   64.2  74.2   1:47pm  52.5  11:59pm    3    2  0.01   3  18   9:08pm   S 29.58   75
24   35.9  52.5  12:00am  26.1  11:54pm   29    0  0.71   5  21   4:29pm WSW 29.63   87
25   29.4  38.5   2:39pm  23.7   3:10am   36    0  0.11   2  20   2:17am WSW 30.12   55
26   33.0  44.8   2:37pm  23.0   5:29am   32    0  0.02   1  11  11:27am   W 30.18   60
27   35.7  44.5   2:43pm  28.4   5:26am   29    0  0.00   2  13  11:26am  NW 30.31   59
28   35.2  47.4   2:39pm  25.0   7:47am   30    0  0.00   1  11   1:31pm  NW 30.54   66
29   33.9  41.1  12:16pm  27.6   7:40am   31    0  0.24   0   7  11:32pm  SE 30.42   80
30   43.2  52.0   2:50pm  34.9  12:00am   22    0  0.19   2  13   1:54pm   S 30.08   86
31   40.1  44.6  11:04am  32.2  11:55pm   25    0  0.07   3  18   2:32pm   N 30.19   88
---------------------------------------------------------------------------------------
TOT  41.1  74.2 12/23/09  21.0 12/10/09  742    2  2.77   2  24  12/2/09   N 30.13   68

HEAT BASE: 65.0
COOL BASE: 65.0